{"id":15083,"date":"2024-09-15T16:27:15","date_gmt":"2024-09-15T14:27:15","guid":{"rendered":"https:\/\/gesellschaft-museum.de\/bridge\/?page_id=15083"},"modified":"2026-03-17T15:10:42","modified_gmt":"2026-03-17T14:10:42","slug":"anfaengerkurse","status":"publish","type":"page","link":"https:\/\/gesellschaft-museum.de\/bridge\/bridge-lernen\/anfaengerkurse\/","title":{"rendered":"Anf\u00e4ngerkurse"},"content":{"rendered":"<div id='av_section_1'  class='avia-section av-kiyls39s-a265dc9b83fb48aba43034cfdff6beb5 main_color avia-section-default avia-shadow  avia-builder-el-0  el_before_av_one_full  avia-builder-el-first  avia-bg-style-scroll container_wrap sidebar_right'  ><div class='container av-section-cont-open' ><main  role=\"main\" itemprop=\"mainContentOfPage\"  class='template-page content  av-content-small alpha units'><div class='post-entry post-entry-type-page post-entry-15083'><div class='entry-content-wrapper clearfix'>\n\n<style type=\"text\/css\" data-created_by=\"avia_inline_auto\" id=\"style-css-av-6p2nd-27f03aa789899e57e2db84cabf13ee49\">\n.flex_column.av-6p2nd-27f03aa789899e57e2db84cabf13ee49{\nborder-radius:0px 0px 0px 0px;\n-webkit-border-radius:0px 0px 0px 0px;\n-moz-border-radius:0px 0px 0px 0px;\n}\n<\/style>\n<div class='flex_column av-6p2nd-27f03aa789899e57e2db84cabf13ee49 av_three_fourth  avia-builder-el-1  el_before_av_one_fourth  avia-builder-el-first  first flex_column_div av-zero-column-padding '   ><p>\n<style type=\"text\/css\" data-created_by=\"avia_inline_auto\" id=\"style-css-av-m13r9nbd-35dbd5961b7e1716b75833a6806af8a7\">\n#top .av-special-heading.av-m13r9nbd-35dbd5961b7e1716b75833a6806af8a7{\npadding-bottom:10px;\n}\nbody .av-special-heading.av-m13r9nbd-35dbd5961b7e1716b75833a6806af8a7 .av-special-heading-tag .heading-char{\nfont-size:25px;\n}\n.av-special-heading.av-m13r9nbd-35dbd5961b7e1716b75833a6806af8a7 .av-subheading{\nfont-size:15px;\n}\n<\/style>\n<div  class='av-special-heading av-m13r9nbd-35dbd5961b7e1716b75833a6806af8a7 av-special-heading-h2 blockquote modern-quote  avia-builder-el-2  el_before_av_textblock  avia-builder-el-first '><div class='av-subheading av-subheading_above'><p>Bridgeabteilung &#8211; Gesellschaft Museum<\/p>\n<\/div><h2 class='av-special-heading-tag'  itemprop=\"headline\"  >Anf\u00e4ngerkurse<\/h2><div class=\"special-heading-border\"><div class=\"special-heading-inner-border\"><\/div><\/div><\/div><br \/>\n<section  class='av_textblock_section av-m13rfbht-60085b1633de382a26e60bc6b6838b77'  itemscope=\"itemscope\" itemtype=\"https:\/\/schema.org\/CreativeWork\" ><div class='avia_textblock'  itemprop=\"text\" ><p><strong>Unsere Anf\u00e4ngerkurse bieten einen schnellen und einfachen Einstieg in ein faszinierendes Hobby f\u00fcr alle.<\/strong><\/p>\n<\/div><\/section><\/p><\/div>\n<style type=\"text\/css\" data-created_by=\"avia_inline_auto\" id=\"style-css-av-evz5t-3a35c6c63d816d3581cf53d06d457430\">\n.flex_column.av-evz5t-3a35c6c63d816d3581cf53d06d457430{\nborder-radius:0px 0px 0px 0px;\n-webkit-border-radius:0px 0px 0px 0px;\n-moz-border-radius:0px 0px 0px 0px;\n}\n<\/style>\n<div class='flex_column av-evz5t-3a35c6c63d816d3581cf53d06d457430 av_one_fourth  avia-builder-el-4  el_after_av_three_fourth  avia-builder-el-last  flex_column_div av-zero-column-padding '   ><\/div>\n<\/div><\/div><\/main><!-- close content main element --><\/div><\/div><div id='after_section_1'  class='main_color av_default_container_wrap container_wrap sidebar_right'  ><div class='container av-section-cont-open' ><div class='template-page content  av-content-small alpha units'><div class='post-entry post-entry-type-page post-entry-15083'><div class='entry-content-wrapper clearfix'>\n<div class='flex_column av-pp3ne3-1e3d0b82136b5392c848b6287d982cf0 av_one_full  avia-builder-el-5  el_after_av_section  avia-builder-el-no-sibling  first flex_column_div '   ><p>\n<style type=\"text\/css\" data-created_by=\"avia_inline_auto\" id=\"style-css-av-m1581j80-42076fa085d9bb192f0456386eab4328\">\n#top .av-special-heading.av-m1581j80-42076fa085d9bb192f0456386eab4328{\npadding-bottom:10px;\n}\nbody .av-special-heading.av-m1581j80-42076fa085d9bb192f0456386eab4328 .av-special-heading-tag .heading-char{\nfont-size:25px;\n}\n.av-special-heading.av-m1581j80-42076fa085d9bb192f0456386eab4328 .av-subheading{\nfont-size:15px;\n}\n<\/style>\n<div  class='av-special-heading av-m1581j80-42076fa085d9bb192f0456386eab4328 av-special-heading-h3  avia-builder-el-6  el_before_av_textblock  avia-builder-el-first '><h3 class='av-special-heading-tag'  itemprop=\"headline\"  >Schnuppertermine und \u00dcbungsabende<\/h3><div class=\"special-heading-border\"><div class=\"special-heading-inner-border\"><\/div><\/div><\/div><br \/>\n<section  class='av_textblock_section av-m158d3kk-b160539e4c2c56e9bad1c5386767e36f'  itemscope=\"itemscope\" itemtype=\"https:\/\/schema.org\/CreativeWork\" ><div class='avia_textblock'  itemprop=\"text\" ><ul>\n<li><strong>Jede gerade Kalenderwoche:<\/strong>\n<ul>\n<li>Montags 18-20 Uhr auf Anf\u00e4nger zugeschnittene Boards mit anschlie\u00dfender Besprechung<\/li>\n<li>Zielgruppe: Anf\u00e4nger, die mind. die erste H\u00e4lfte des Grundlagen Reizkurs absolviert haben.<\/li>\n<\/ul>\n<\/li>\n<\/ul>\n<\/div><\/section><br \/>\n\n<style type=\"text\/css\" data-created_by=\"avia_inline_auto\" id=\"style-css-av-m158h10e-54b2002e6f31adcae1049d15c6b528c1\">\n#top .av-special-heading.av-m158h10e-54b2002e6f31adcae1049d15c6b528c1{\npadding-bottom:10px;\n}\nbody .av-special-heading.av-m158h10e-54b2002e6f31adcae1049d15c6b528c1 .av-special-heading-tag .heading-char{\nfont-size:25px;\n}\n.av-special-heading.av-m158h10e-54b2002e6f31adcae1049d15c6b528c1 .av-subheading{\nfont-size:15px;\n}\n<\/style>\n<div  class='av-special-heading av-m158h10e-54b2002e6f31adcae1049d15c6b528c1 av-special-heading-h3  avia-builder-el-8  el_after_av_textblock  el_before_av_textblock '><h3 class='av-special-heading-tag'  itemprop=\"headline\"  >Einsteigerkurse &#8211; Spieltechnik<\/h3><div class=\"special-heading-border\"><div class=\"special-heading-inner-border\"><\/div><\/div><\/div><br \/>\n<section  class='av_textblock_section av-m158kid0-47b4b7cde8fdc3fb0b86fe6e500308c3'  itemscope=\"itemscope\" itemtype=\"https:\/\/schema.org\/CreativeWork\" ><div class='avia_textblock'  itemprop=\"text\" ><ul>\n<li><strong>Kursort: BC N\u00fcrnberg Gesellschaft Museum, Campestr. 10, 90419 N\u00fcrnberg<\/strong>\n<ul>\n<li>Samstag, 11. April und Sonntag, 12. April 2026 jeweils von 10 bis 17 Uhr<\/li>\n<li>Kursgeb\u00fchr: 80 \u20ac\u00a0 &#8211; f\u00fcr Sch\u00fcler und Studenten gilt eine erm\u00e4\u00dfigte Kursgeb\u00fchr von 40 \u20ac. F\u00fcr Teilnehmer, die den Kurs schon einmal besucht haben, betr\u00e4gt die Kursgeb\u00fchr ebenfalls 40 \u20ac.<\/li>\n<li>In den Pausen gibt es Kaffee, Kuchen und einen Imbiss.<\/li>\n<li>Skript: Es gibt ein Skript, das f\u00fcr 15 \u20ac erworben werden kann.<\/li>\n<li>Anmeldung unter\u00a0<span class=\"gm-icon gm-email\"><a title=\"Anmeldung Spieltechnikkurs\" href=\"mailto:vorstand2@bridge.gesellschaft-museum.de\" target=\"_blank\" rel=\"noopener\"><u>vorstand2@bridge.gesellschaft-museum.de<\/u><\/a><\/span><\/li>\n<li>Kursleiter: Ulf Bormann<\/li>\n<\/ul>\n<\/li>\n<\/ul>\n<p>Alle im Kurs gespielten Boards k\u00f6nnt Ihr zu Hause mit Hilfe des Skripts nachspielen. Bei w\u00f6chentlichen Kursen kann die erste Kursstunde auch stets zum Schnuppern genutzt werden.<\/p>\n<p>Im Oktober wird ein weiterer w\u00f6chentlicher Einsteigerkurs beginnen. Dieser ist aktuell aber noch nicht genau terminiert.<\/p>\n<\/div><\/section><br \/>\n\n<style type=\"text\/css\" data-created_by=\"avia_inline_auto\" id=\"style-css-av-m158n6ay-bc37214f0b34335ea0c2dbae40fccac4\">\n#top .av-special-heading.av-m158n6ay-bc37214f0b34335ea0c2dbae40fccac4{\npadding-bottom:10px;\n}\nbody .av-special-heading.av-m158n6ay-bc37214f0b34335ea0c2dbae40fccac4 .av-special-heading-tag .heading-char{\nfont-size:25px;\n}\n.av-special-heading.av-m158n6ay-bc37214f0b34335ea0c2dbae40fccac4 .av-subheading{\nfont-size:15px;\n}\n<\/style>\n<div  class='av-special-heading av-m158n6ay-bc37214f0b34335ea0c2dbae40fccac4 av-special-heading-h3  avia-builder-el-10  el_after_av_textblock  el_before_av_textblock '><h3 class='av-special-heading-tag'  itemprop=\"headline\"  >Einsteigerkurs &#8211; Grundlagen der Reizung<\/h3><div class=\"special-heading-border\"><div class=\"special-heading-inner-border\"><\/div><\/div><\/div><br \/>\n<section  class='av_textblock_section av-m158uesn-f6f2f38f8a457a3a1bfdf85b4b7fd01a'  itemscope=\"itemscope\" itemtype=\"https:\/\/schema.org\/CreativeWork\" ><div class='avia_textblock'  itemprop=\"text\" ><p>Der Kurs setzt Kenntnisse aus dem Einsteigerkurs Spieltechnik voraus. Am Ende des Kurses sind Sie in der Lage, an unseren Clubturnieren teilzunehmen und mitzuhalten.<\/p>\n<ul>\n<li><strong>Kursort: BC N\u00fcrnberg Gesellschaft Museum, Campestr. 10, 90419 N\u00fcrnberg<\/strong>\n<ul>\n<li>Beginn: Mittwoch, 25. Februar 2065, 17 Uhr<\/li>\n<li>10 Termine \u00e0 90 Minuten (8x Unterricht, 2x \u00dcbungsturnier)<\/li>\n<li>Kursgeb\u00fchr: 60 \u20ac &#8211; f\u00fcr Sch\u00fcler und Studenten gilt eine erm\u00e4\u00dfigte Kursgeb\u00fchr von 20 \u20ac. F\u00fcr Teilnehmer, die den Kurs schon einmal besucht haben, betr\u00e4gt die Kursgeb\u00fchr 30 \u20ac bzw. 6\u20ac pro Einzeltermin<\/li>\n<li>Anmeldung unter\u00a0<span class=\"gm-icon gm-email\"><a title=\"Anmeldung Spieltechnikkurs\" href=\"mailto:vorstand2@bridge.gesellschaft-museum.de\" target=\"_blank\" rel=\"noopener\"><u>vorstand2@bridge.gesellschaft-museum.de<\/u><\/a><\/span><\/li>\n<li>Kursleiter: Bianca Bormann<\/li>\n<\/ul>\n<\/li>\n<li><strong>Kursort: BC N\u00fcrnberg Gesellschaft Museum, Campestr. 10, 90419 N\u00fcrnberg<\/strong>\n<ul>\n<li>Samstag, 9.Mai und Sonntag, 10.Mai 2026 jeweils von 10 bis 17 Uhr<\/li>\n<li>Kursgeb\u00fchr: 80 \u20ac\u00a0 &#8211; f\u00fcr Sch\u00fcler und Studenten gilt eine erm\u00e4\u00dfigte Kursgeb\u00fchr von 40 \u20ac. F\u00fcr Teilnehmer, die den Kurs schon einmal besucht haben, betr\u00e4gt die Kursgeb\u00fchr ebenfalls 40 \u20ac.<\/li>\n<li>In den Pausen gibt es Kaffee, Kuchen und einen Imbiss.<\/li>\n<li>Anmeldung unter\u00a0<span class=\"gm-icon gm-email\"><a title=\"Anmeldung Spieltechnikkurs\" href=\"mailto:vorstand2@bridge.gesellschaft-museum.de\" target=\"_blank\" rel=\"noopener\"><u>vorstand2@bridge.gesellschaft-museum.de<\/u><\/a><\/span><\/li>\n<li>Kursleiter:\u00a0 Bianca Bormann<\/li>\n<\/ul>\n<\/li>\n<\/ul>\n<p>Die Kurse richten sich nach dem Buch &#8222;Grundlagen der Reizung&#8220; von Michael Grom\u00f6ller. Weitere Kursmaterialien k\u00f6nnen unter\u00a0<a href=\"https:\/\/gesellschaft-museum.de\/bridge\/grundlagen-der-reizung\/\">Kursmaterialien<\/a> runtergeladen werden.<\/p>\n<\/div><\/section><\/p><\/div>\n","protected":false},"excerpt":{"rendered":"","protected":false},"author":12,"featured_media":0,"parent":258,"menu_order":20,"comment_status":"closed","ping_status":"closed","template":"","meta":{"inline_featured_image":false},"_links":{"self":[{"href":"https:\/\/gesellschaft-museum.de\/bridge\/wp-json\/wp\/v2\/pages\/15083"}],"collection":[{"href":"https:\/\/gesellschaft-museum.de\/bridge\/wp-json\/wp\/v2\/pages"}],"about":[{"href":"https:\/\/gesellschaft-museum.de\/bridge\/wp-json\/wp\/v2\/types\/page"}],"author":[{"embeddable":true,"href":"https:\/\/gesellschaft-museum.de\/bridge\/wp-json\/wp\/v2\/users\/12"}],"replies":[{"embeddable":true,"href":"https:\/\/gesellschaft-museum.de\/bridge\/wp-json\/wp\/v2\/comments?post=15083"}],"version-history":[{"count":5,"href":"https:\/\/gesellschaft-museum.de\/bridge\/wp-json\/wp\/v2\/pages\/15083\/revisions"}],"predecessor-version":[{"id":17534,"href":"https:\/\/gesellschaft-museum.de\/bridge\/wp-json\/wp\/v2\/pages\/15083\/revisions\/17534"}],"up":[{"embeddable":true,"href":"https:\/\/gesellschaft-museum.de\/bridge\/wp-json\/wp\/v2\/pages\/258"}],"wp:attachment":[{"href":"https:\/\/gesellschaft-museum.de\/bridge\/wp-json\/wp\/v2\/media?parent=15083"}],"curies":[{"name":"wp","href":"https:\/\/api.w.org\/{rel}","templated":true}]}}