{"id":22,"date":"2020-07-02T14:02:08","date_gmt":"2020-07-02T12:02:08","guid":{"rendered":"https:\/\/gmuseum.de\/kultur\/?page_id=22"},"modified":"2026-03-30T15:59:08","modified_gmt":"2026-03-30T13:59:08","slug":"kontakte","status":"publish","type":"page","link":"https:\/\/gesellschaft-museum.de\/kultur\/kontakte\/","title":{"rendered":"Kontakte"},"content":{"rendered":"<div id='av_section_1'  class='avia-section av-nvw6-a9b7ab129d1fbf4e445e76d90b2afec2 main_color avia-section-default avia-shadow  avia-builder-el-0  el_before_av_one_full  avia-builder-el-first  avia-bg-style-scroll container_wrap sidebar_right'  ><div class='container av-section-cont-open' ><main  role=\"main\" itemprop=\"mainContentOfPage\"  class='template-page content  av-content-small alpha units'><div class='post-entry post-entry-type-page post-entry-22'><div class='entry-content-wrapper clearfix'>\n<div class='flex_column_table av-1fbe6-a9d2ed6c799109667d28657faeec5e9a sc-av_three_fourth av-equal-height-column-flextable'>\n<style type=\"text\/css\" data-created_by=\"avia_inline_auto\" id=\"style-css-av-1fbe6-a9d2ed6c799109667d28657faeec5e9a\">\n.flex_column.av-1fbe6-a9d2ed6c799109667d28657faeec5e9a{\nborder-radius:0px 0px 0px 0px;\n-webkit-border-radius:0px 0px 0px 0px;\n-moz-border-radius:0px 0px 0px 0px;\n}\n<\/style>\n<div class='flex_column av-1fbe6-a9d2ed6c799109667d28657faeec5e9a av_three_fourth  avia-builder-el-1  el_before_av_one_fourth  avia-builder-el-first  first no_margin flex_column_table_cell av-equal-height-column av-align-top av-zero-column-padding '   ><p>\n<style type=\"text\/css\" data-created_by=\"avia_inline_auto\" id=\"style-css-av-kknslpd4-30056ac1f2968e1d19bc8502281814af\">\n#top .av-special-heading.av-kknslpd4-30056ac1f2968e1d19bc8502281814af{\npadding-bottom:0px;\n}\nbody .av-special-heading.av-kknslpd4-30056ac1f2968e1d19bc8502281814af .av-special-heading-tag .heading-char{\nfont-size:25px;\n}\n.av-special-heading.av-kknslpd4-30056ac1f2968e1d19bc8502281814af .av-subheading{\nfont-size:15px;\n}\n<\/style>\n<div  class='av-special-heading av-kknslpd4-30056ac1f2968e1d19bc8502281814af av-special-heading-h2 blockquote modern-quote  avia-builder-el-2  el_before_av_hr  avia-builder-el-first '><div class='av-subheading av-subheading_above'><p>Wir freuen uns auf Sie!<\/p>\n<\/div><h2 class='av-special-heading-tag'  itemprop=\"headline\"  >Lassen Sie uns in Kontakt kommen<\/h2><div class=\"special-heading-border\"><div class=\"special-heading-inner-border\"><\/div><\/div><\/div><br \/>\n\n<style type=\"text\/css\" data-created_by=\"avia_inline_auto\" id=\"style-css-av-kjsn25n6-74b552280cca7bf50f9044d548f15598\">\n#top .hr.hr-invisible.av-kjsn25n6-74b552280cca7bf50f9044d548f15598{\nheight:30px;\n}\n<\/style>\n<div  class='hr av-kjsn25n6-74b552280cca7bf50f9044d548f15598 hr-invisible  avia-builder-el-3  el_after_av_heading  el_before_av_textblock '><span class='hr-inner '><span class=\"hr-inner-style\"><\/span><\/span><\/div><br \/>\n<section  class='av_textblock_section av-kei9m27s-03db0932cbcc8cc11e13ecb2efde8614'  itemscope=\"itemscope\" itemtype=\"https:\/\/schema.org\/CreativeWork\" ><div class='avia_textblock'  itemprop=\"text\" ><address>Gesellschaft Museum e.V.<br \/>\n<strong>Kulturbereich<\/strong><br \/>\nCampestr. 10<br \/>\n90419 N\u00fcrnberg<\/address>\n<p><span class=\"gm-icon gm-email\"><a title=\"Schreiben Sie uns eine Mail\" href=\"mailto:kultur@gesellschaft-museum.de\" target=\"_blank\" rel=\"noopener\">kultur@gesellschaft-museum.de<\/a><\/span><\/p>\n<\/div><\/section><\/p><\/div>\n<style type=\"text\/css\" data-created_by=\"avia_inline_auto\" id=\"style-css-av-2d6aq-6b97d15619b565016111740d80ac4675\">\n.flex_column.av-2d6aq-6b97d15619b565016111740d80ac4675{\nborder-radius:0px 0px 0px 0px;\n-webkit-border-radius:0px 0px 0px 0px;\n-moz-border-radius:0px 0px 0px 0px;\n}\n<\/style>\n<div class='flex_column av-2d6aq-6b97d15619b565016111740d80ac4675 av_one_fourth  avia-builder-el-5  el_after_av_three_fourth  avia-builder-el-last  no_margin flex_column_table_cell av-equal-height-column av-align-top av-zero-column-padding '   ><div  class='avia-builder-widget-area clearfix  avia-builder-el-6  avia-builder-el-no-sibling '><div id=\"avia_auto_toc-4\" class=\"widget clearfix avia-widget-container avia_auto_toc avia_no_block_preview\"><div class=\"avia-preview-headline\">GM-KULTUR Table of Contents<\/div><div class=\"avia-preview-info\">Titel: <\/div><div class=\"avia-preview-in-front\">Table can only be rendered in frontend.<\/div><\/div><\/div><\/div><\/div><!--close column table wrapper. Autoclose: 1 -->\n<\/div><\/div><\/main><!-- close content main element --><\/div><\/div><div id='after_section_1'  class='main_color av_default_container_wrap container_wrap sidebar_right'  ><div class='container av-section-cont-open' ><div class='template-page content  av-content-small alpha units'><div class='post-entry post-entry-type-page post-entry-22'><div class='entry-content-wrapper clearfix'>\n\n<style type=\"text\/css\" data-created_by=\"avia_inline_auto\" id=\"style-css-av-1s8fu-e2a6973c2ecf1ffca7022501183999e3\">\n.flex_column.av-1s8fu-e2a6973c2ecf1ffca7022501183999e3{\nborder-radius:0px 0px 0px 0px;\n-webkit-border-radius:0px 0px 0px 0px;\n-moz-border-radius:0px 0px 0px 0px;\n}\n<\/style>\n<div class='flex_column av-1s8fu-e2a6973c2ecf1ffca7022501183999e3 av_one_full  avia-builder-el-7  el_after_av_section  el_before_av_one_full  avia-builder-el-first  first flex_column_div av-zero-column-padding '   ><p>\n<style type=\"text\/css\" data-created_by=\"avia_inline_auto\" id=\"style-css-av-1qyaq-c343dc9c2188fc94af97f077bbe77721\">\n#top .av-special-heading.av-1qyaq-c343dc9c2188fc94af97f077bbe77721{\npadding-bottom:10px;\n}\nbody .av-special-heading.av-1qyaq-c343dc9c2188fc94af97f077bbe77721 .av-special-heading-tag .heading-char{\nfont-size:25px;\n}\n.av-special-heading.av-1qyaq-c343dc9c2188fc94af97f077bbe77721 .av-subheading{\nfont-size:15px;\n}\n<\/style>\n<div  class='av-special-heading av-1qyaq-c343dc9c2188fc94af97f077bbe77721 av-special-heading-h3 blockquote modern-quote  avia-builder-el-8  el_before_av_testimonials  avia-builder-el-first '><div class='av-subheading av-subheading_above'><p>Kulturbereich<\/p>\n<\/div><h3 class='av-special-heading-tag'  itemprop=\"headline\"  >Ansprechpartnerinnen<\/h3><div class=\"special-heading-border\"><div class=\"special-heading-inner-border\"><\/div><\/div><\/div><br \/>\n<div  class='avia-testimonial-wrapper av-keicvk5g-429d4f8ee92fd9121804404dc14a1db4 avia-grid-testimonials avia-grid-2-testimonials avia_animate_when_almost_visible kontakte av-minimal-grid-style'  data-autoplay='1'  data-interval='5'  data-animation='fade'  data-hoverpause='1' >\n<section class=\"avia-testimonial-row\"><div class='avia-testimonial av-1v9p6-a521120d39eb228b73f35b2c77ce6466 avia-testimonial-row-1 avia-first-testimonial flex_column no_margin av_one_half'><div class='avia-testimonial_inner'  itemscope=\"itemscope\" itemtype=\"https:\/\/schema.org\/CreativeWork\" ><div class='avia-testimonial-content '><div class='avia-testimonial-markup-entry-content'  itemprop=\"text\" ><p><span class=\"gm-icon gm-mobil\"><a href=\"tel:+49177 3010077\">0177 30 10 077<\/a><\/span><br \/>\n<span class=\"gm-icon gm-email\"><a href=\"mailto:kultur@gesellschaft-museum.de\">kultur@gesellschaft-museum.de<\/a><\/span><\/p>\n<\/div><\/div><div class=\"avia-testimonial-meta\"><div class=\"avia-testimonial-arrow-wrap\"><div class=\"avia-arrow\"><\/div><\/div><div class='avia-testimonial-image'  itemprop=\"image\" ><img width=\"180\" height=\"180\" src=\"https:\/\/gesellschaft-museum.de\/kultur\/wp-content\/uploads\/sites\/4\/astrid.kreibich-180x180.jpg\" class=\"avia-img-lazy-loading-5055 attachment-square size-square\" alt=\"\" loading=\"lazy\" srcset=\"https:\/\/gesellschaft-museum.de\/kultur\/wp-content\/uploads\/sites\/4\/astrid.kreibich-180x180.jpg 180w, https:\/\/gesellschaft-museum.de\/kultur\/wp-content\/uploads\/sites\/4\/astrid.kreibich-300x300.jpg 300w, https:\/\/gesellschaft-museum.de\/kultur\/wp-content\/uploads\/sites\/4\/astrid.kreibich-80x80.jpg 80w, https:\/\/gesellschaft-museum.de\/kultur\/wp-content\/uploads\/sites\/4\/astrid.kreibich-36x36.jpg 36w, https:\/\/gesellschaft-museum.de\/kultur\/wp-content\/uploads\/sites\/4\/astrid.kreibich.jpg 427w\" sizes=\"(max-width: 180px) 100vw, 180px\" \/><\/div><div class='avia-testimonial-meta-mini'  itemprop=\"author\" itemscope=\"itemscope\" itemtype=\"https:\/\/schema.org\/Person\" ><strong  class='avia-testimonial-name'  itemprop=\"name\" >Frau Astrid Kreibich<\/strong><span  class='avia-testimonial-subtitle '  itemprop=\"jobTitle\" >Vorst\u00e4ndin \u2013 Kultur<\/span><\/div><\/div><\/div><\/div>\n<div class='avia-testimonial av-ypxu-efd13b2d6870764d77be5baa4ab60947 avia-testimonial-row-1 avia-last-testimonial flex_column no_margin av_one_half'><div class='avia-testimonial_inner'  itemscope=\"itemscope\" itemtype=\"https:\/\/schema.org\/CreativeWork\" ><div class='avia-testimonial-content '><div class='avia-testimonial-markup-entry-content'  itemprop=\"text\" ><p><span class=\"gm-icon gm-phone\"><a href=\"tel:++4916097828090\">0160 &#8211; 97 82 80 90<\/a><\/span><br \/>\n<span class=\"gm-icon gm-email\"><a href=\"mailto:kultur@gesellschaft-museum.de\">kultur@gesellschaft-museum.de<\/a><\/span><\/p>\n<\/div><\/div><div class=\"avia-testimonial-meta\"><div class=\"avia-testimonial-arrow-wrap\"><div class=\"avia-arrow\"><\/div><\/div><div class='avia-testimonial-image'  itemprop=\"image\" ><img width=\"128\" height=\"128\" src=\"https:\/\/gesellschaft-museum.de\/kultur\/wp-content\/uploads\/sites\/4\/avatar.jpg\" class=\"avia-img-lazy-loading-3976 attachment-square size-square\" alt=\"\" loading=\"lazy\" srcset=\"https:\/\/gesellschaft-museum.de\/kultur\/wp-content\/uploads\/sites\/4\/avatar.jpg 128w, https:\/\/gesellschaft-museum.de\/kultur\/wp-content\/uploads\/sites\/4\/avatar-80x80.jpg 80w, https:\/\/gesellschaft-museum.de\/kultur\/wp-content\/uploads\/sites\/4\/avatar-36x36.jpg 36w\" sizes=\"(max-width: 128px) 100vw, 128px\" \/><\/div><div class='avia-testimonial-meta-mini'  itemprop=\"author\" itemscope=\"itemscope\" itemtype=\"https:\/\/schema.org\/Person\" ><strong  class='avia-testimonial-name'  itemprop=\"name\" >Frau Sibylle Leimeister<\/strong><span  class='avia-testimonial-subtitle '  itemprop=\"jobTitle\" >Mitglied Kulturteam<\/span><\/div><\/div><\/div><\/div><\/section>\n<section class=\"avia-testimonial-row\"><div class='avia-testimonial av-ypxu-1a5e7655e1aea41f9122efd44235cdea avia-testimonial-row-2 avia-first-testimonial flex_column no_margin av_one_half'><div class='avia-testimonial_inner'  itemscope=\"itemscope\" itemtype=\"https:\/\/schema.org\/CreativeWork\" ><div class='avia-testimonial-content '><div class='avia-testimonial-markup-entry-content'  itemprop=\"text\" ><p><span class=\"gm-icon gm-phone\"><a href=\"tel:+49911407895\">0911 40 78 95<\/a><\/span><br \/>\n<span class=\"gm-icon gm-email\"><a href=\"mailto:kultur@gesellschaft-museum.de\">kultur@gesellschaft-museum.de<\/a><\/span><\/p>\n<\/div><\/div><div class=\"avia-testimonial-meta\"><div class=\"avia-testimonial-arrow-wrap\"><div class=\"avia-arrow\"><\/div><\/div><div class='avia-testimonial-image'  itemprop=\"image\" ><img width=\"128\" height=\"128\" src=\"https:\/\/gesellschaft-museum.de\/kultur\/wp-content\/uploads\/sites\/4\/avatar.jpg\" class=\"avia-img-lazy-loading-3976 attachment-square size-square\" alt=\"\" loading=\"lazy\" srcset=\"https:\/\/gesellschaft-museum.de\/kultur\/wp-content\/uploads\/sites\/4\/avatar.jpg 128w, https:\/\/gesellschaft-museum.de\/kultur\/wp-content\/uploads\/sites\/4\/avatar-80x80.jpg 80w, https:\/\/gesellschaft-museum.de\/kultur\/wp-content\/uploads\/sites\/4\/avatar-36x36.jpg 36w\" sizes=\"(max-width: 128px) 100vw, 128px\" \/><\/div><div class='avia-testimonial-meta-mini'  itemprop=\"author\" itemscope=\"itemscope\" itemtype=\"https:\/\/schema.org\/Person\" ><strong  class='avia-testimonial-name'  itemprop=\"name\" >Frau Helga Schwanh\u00e4user<\/strong><span  class='avia-testimonial-subtitle '  itemprop=\"jobTitle\" >Mitglied Kulturteam<\/span><\/div><\/div><\/div><\/div>\n<div class='avia-testimonial av-ypxu-c1b76557dc8243820c21007f34f13905 avia-testimonial-row-2 avia-last-testimonial flex_column no_margin av_one_half'><div class='avia-testimonial_inner'  itemscope=\"itemscope\" itemtype=\"https:\/\/schema.org\/CreativeWork\" ><div class='avia-testimonial-content '><div class='avia-testimonial-markup-entry-content'  itemprop=\"text\" ><p><span class=\"gm-icon gm-phone\"><a href=\"tel:+49911487716\">0911 48 77 16<\/a><\/span><br \/>\n<span class=\"gm-icon gm-email\"><a href=\"mailto:kultur@gesellschaft-museum.de\">kultur@gesellschaft-museum.de<\/a><\/span><\/p>\n<\/div><\/div><div class=\"avia-testimonial-meta\"><div class=\"avia-testimonial-arrow-wrap\"><div class=\"avia-arrow\"><\/div><\/div><div class='avia-testimonial-image'  itemprop=\"image\" ><img width=\"128\" height=\"128\" src=\"https:\/\/gesellschaft-museum.de\/kultur\/wp-content\/uploads\/sites\/4\/avatar.jpg\" class=\"avia-img-lazy-loading-3976 attachment-square size-square\" alt=\"\" loading=\"lazy\" srcset=\"https:\/\/gesellschaft-museum.de\/kultur\/wp-content\/uploads\/sites\/4\/avatar.jpg 128w, https:\/\/gesellschaft-museum.de\/kultur\/wp-content\/uploads\/sites\/4\/avatar-80x80.jpg 80w, https:\/\/gesellschaft-museum.de\/kultur\/wp-content\/uploads\/sites\/4\/avatar-36x36.jpg 36w\" sizes=\"(max-width: 128px) 100vw, 128px\" \/><\/div><div class='avia-testimonial-meta-mini'  itemprop=\"author\" itemscope=\"itemscope\" itemtype=\"https:\/\/schema.org\/Person\" ><strong  class='avia-testimonial-name'  itemprop=\"name\" >Frau Gabriele Stau\u00df<\/strong><span  class='avia-testimonial-subtitle '  itemprop=\"jobTitle\" >Mitglied Kulturteam<\/span><\/div><\/div><\/div><\/div><\/section>\n<\/div><\/p><\/div>\n<style type=\"text\/css\" data-created_by=\"avia_inline_auto\" id=\"style-css-av-68ee-1b8b9af3f6e6f6c10826a68d7f4f1071\">\n#top .flex_column.av-68ee-1b8b9af3f6e6f6c10826a68d7f4f1071{\nmargin-top:30px;\nmargin-bottom:30px;\n}\n.flex_column.av-68ee-1b8b9af3f6e6f6c10826a68d7f4f1071{\nborder-radius:0px 0px 0px 0px;\n-webkit-border-radius:0px 0px 0px 0px;\n-moz-border-radius:0px 0px 0px 0px;\n}\n.responsive #top #wrap_all .flex_column.av-68ee-1b8b9af3f6e6f6c10826a68d7f4f1071{\nmargin-top:30px;\nmargin-bottom:30px;\n}\n<\/style>\n<div class='flex_column av-68ee-1b8b9af3f6e6f6c10826a68d7f4f1071 av_one_full  avia-builder-el-10  el_after_av_one_full  avia-builder-el-last  first flex_column_div av-zero-column-padding column-top-margin'   ><p>\n<style type=\"text\/css\" data-created_by=\"avia_inline_auto\" id=\"style-css-av-kjsnajkd-f215e3ad3f351df6c529a2297d8c01a9\">\n#top .av-special-heading.av-kjsnajkd-f215e3ad3f351df6c529a2297d8c01a9{\npadding-bottom:10px;\n}\nbody .av-special-heading.av-kjsnajkd-f215e3ad3f351df6c529a2297d8c01a9 .av-special-heading-tag .heading-char{\nfont-size:25px;\n}\n.av-special-heading.av-kjsnajkd-f215e3ad3f351df6c529a2297d8c01a9 .av-subheading{\nfont-size:15px;\n}\n<\/style>\n<div  id=\"standort\"  class='av-special-heading av-kjsnajkd-f215e3ad3f351df6c529a2297d8c01a9 av-special-heading-h2 blockquote modern-quote  avia-builder-el-11  el_before_av_textblock  avia-builder-el-first '><div class='av-subheading av-subheading_above'><p>Gesellschaftshaus, Campestra\u00dfe 10, 90402 N\u00fcrnberg, 1. Stock<\/p>\n<\/div><h2 class='av-special-heading-tag'  itemprop=\"headline\"  >Unsere Veranstaltungsr\u00e4ume<\/h2><div class=\"special-heading-border\"><div class=\"special-heading-inner-border\"><\/div><\/div><\/div><br \/>\n<section  class='av_textblock_section av-kjh39ijs-8c9dfd6d27009a38814a60a813d2a1eb'  itemscope=\"itemscope\" itemtype=\"https:\/\/schema.org\/CreativeWork\" ><div class='avia_textblock'  itemprop=\"text\" ><p>Externe Veranstaltungsorte f\u00fcr F\u00fchrungen, Ausfl\u00fcge usw. entnehmen Sie bitte aus dem jeweiligen Veranstaltungsprogramm.<\/p>\n<\/div><\/section><br \/>\n\n<style type=\"text\/css\" data-created_by=\"avia_inline_auto\" id=\"style-css-av-kht89llo-f5911b05f0333942c811e8f6bdb53311\">\n.avia-image-container.av-kht89llo-f5911b05f0333942c811e8f6bdb53311 .av-image-caption-overlay-center{\ncolor:#ffffff;\n}\n<\/style>\n<div  class='avia-image-container av-kht89llo-f5911b05f0333942c811e8f6bdb53311 av-styling- avia-align-  avia-builder-el-13  el_after_av_textblock  el_before_av_textblock '  itemprop=\"image\" itemscope=\"itemscope\" itemtype=\"https:\/\/schema.org\/ImageObject\" ><div class=\"avia-image-container-inner\"><div class=\"avia-image-overlay-wrap\"><a href=\"https:\/\/gesellschaft-museum.de\/kultur\/wp-content\/uploads\/sites\/4\/Standort-Gesellschaft-Museum-1030x433.jpg\" data-srcset=\"https:\/\/gesellschaft-museum.de\/kultur\/wp-content\/uploads\/sites\/4\/Standort-Gesellschaft-Museum-1030x433.jpg 1030w, https:\/\/gesellschaft-museum.de\/kultur\/wp-content\/uploads\/sites\/4\/Standort-Gesellschaft-Museum-300x126.jpg 300w, https:\/\/gesellschaft-museum.de\/kultur\/wp-content\/uploads\/sites\/4\/Standort-Gesellschaft-Museum-768x323.jpg 768w, https:\/\/gesellschaft-museum.de\/kultur\/wp-content\/uploads\/sites\/4\/Standort-Gesellschaft-Museum.jpg 1500w, https:\/\/gesellschaft-museum.de\/kultur\/wp-content\/uploads\/sites\/4\/Standort-Gesellschaft-Museum-705x296.jpg 705w\" data-sizes=\"(max-width: 1030px) 100vw, 1030px\" class='avia_image'  target=\"_blank\"  rel=\"noopener noreferrer\"><img class='wp-image-3978 avia-img-lazy-loading-not-3978 avia_image' src=\"https:\/\/gesellschaft-museum.de\/kultur\/wp-content\/uploads\/sites\/4\/Standort-Gesellschaft-Museum.jpg\" alt='Standort-Gesellschaft-Museum' title='Standort Gesellschaft Museum'  height=\"630\" width=\"1500\"  itemprop=\"thumbnailUrl\" srcset=\"https:\/\/gesellschaft-museum.de\/kultur\/wp-content\/uploads\/sites\/4\/Standort-Gesellschaft-Museum.jpg 1500w, https:\/\/gesellschaft-museum.de\/kultur\/wp-content\/uploads\/sites\/4\/Standort-Gesellschaft-Museum-300x126.jpg 300w, https:\/\/gesellschaft-museum.de\/kultur\/wp-content\/uploads\/sites\/4\/Standort-Gesellschaft-Museum-1030x433.jpg 1030w, https:\/\/gesellschaft-museum.de\/kultur\/wp-content\/uploads\/sites\/4\/Standort-Gesellschaft-Museum-768x323.jpg 768w, https:\/\/gesellschaft-museum.de\/kultur\/wp-content\/uploads\/sites\/4\/Standort-Gesellschaft-Museum-705x296.jpg 705w\" sizes=\"(max-width: 1500px) 100vw, 1500px\" \/><\/a><\/div><\/div><\/div><br \/>\n<section  id=\"openstreetmap\"  class='av_textblock_section av-khqg6h3r-b414f5b50131d78d75c77a2936ba9775'  itemscope=\"itemscope\" itemtype=\"https:\/\/schema.org\/CreativeWork\" ><div class='avia_textblock'  itemprop=\"text\" ><p><span class=\"gm-icon gm-link-extern after\"><a href=\"https:\/\/www.openstreetmap.org\/?mlat=49.4587216&amp;mlon=11.0699117#map=16\/49.4587216\/11.0699117\" target=\"_blank\" rel=\"noopener noreferrer\">Mit Routenplaner (Openstreetmap) \u00f6ffnen<\/a><\/span><\/p>\n<\/div><\/section><\/p><\/div><\/p>\n","protected":false},"excerpt":{"rendered":"","protected":false},"author":12,"featured_media":0,"parent":0,"menu_order":6,"comment_status":"closed","ping_status":"closed","template":"","meta":{"inline_featured_image":false},"_links":{"self":[{"href":"https:\/\/gesellschaft-museum.de\/kultur\/wp-json\/wp\/v2\/pages\/22"}],"collection":[{"href":"https:\/\/gesellschaft-museum.de\/kultur\/wp-json\/wp\/v2\/pages"}],"about":[{"href":"https:\/\/gesellschaft-museum.de\/kultur\/wp-json\/wp\/v2\/types\/page"}],"author":[{"embeddable":true,"href":"https:\/\/gesellschaft-museum.de\/kultur\/wp-json\/wp\/v2\/users\/12"}],"replies":[{"embeddable":true,"href":"https:\/\/gesellschaft-museum.de\/kultur\/wp-json\/wp\/v2\/comments?post=22"}],"version-history":[{"count":5,"href":"https:\/\/gesellschaft-museum.de\/kultur\/wp-json\/wp\/v2\/pages\/22\/revisions"}],"predecessor-version":[{"id":5067,"href":"https:\/\/gesellschaft-museum.de\/kultur\/wp-json\/wp\/v2\/pages\/22\/revisions\/5067"}],"wp:attachment":[{"href":"https:\/\/gesellschaft-museum.de\/kultur\/wp-json\/wp\/v2\/media?parent=22"}],"curies":[{"name":"wp","href":"https:\/\/api.w.org\/{rel}","templated":true}]}}