{"id":2161,"date":"2020-10-16T16:24:10","date_gmt":"2020-10-16T14:24:10","guid":{"rendered":"https:\/\/gmuseum.de\/tennis\/?page_id=2161"},"modified":"2024-04-14T17:12:01","modified_gmt":"2024-04-14T15:12:01","slug":"mitglied-werden","status":"publish","type":"page","link":"https:\/\/gesellschaft-museum.de\/tennis\/mitglied-werden\/","title":{"rendered":"Mitglied werden"},"content":{"rendered":"<div id='av_section_1'  class='avia-section av-bkh6r5-b67d1a481ffad2c59e58ce44d81376ee main_color avia-section-default avia-shadow  avia-builder-el-0  el_before_av_one_full  avia-builder-el-first  avia-bg-style-scroll container_wrap sidebar_right'  ><div class='container av-section-cont-open' ><main  role=\"main\" itemprop=\"mainContentOfPage\"  class='template-page content  av-content-small alpha units'><div class='post-entry post-entry-type-page post-entry-2161'><div class='entry-content-wrapper clearfix'>\n<div class='flex_column_table av-kiykz0q1-c0493797f47e8ddb325287f4511150c9 sc-av_three_fourth av-equal-height-column-flextable'>\n<style type=\"text\/css\" data-created_by=\"avia_inline_auto\" id=\"style-css-av-kiykz0q1-c0493797f47e8ddb325287f4511150c9\">\n.flex_column.av-kiykz0q1-c0493797f47e8ddb325287f4511150c9{\nborder-radius:0px 0px 0px 0px;\n-webkit-border-radius:0px 0px 0px 0px;\n-moz-border-radius:0px 0px 0px 0px;\n}\n<\/style>\n<div class='flex_column av-kiykz0q1-c0493797f47e8ddb325287f4511150c9 av_three_fourth  avia-builder-el-1  el_before_av_one_fourth  avia-builder-el-first  first flex_column_table_cell av-equal-height-column av-align-top av-zero-column-padding '   ><p>\n<style type=\"text\/css\" data-created_by=\"avia_inline_auto\" id=\"style-css-av-kkmx0tvf-3ede5fbc1162dc8699fcf3ad7ef0c4e9\">\n#top .av-special-heading.av-kkmx0tvf-3ede5fbc1162dc8699fcf3ad7ef0c4e9{\npadding-bottom:0px;\n}\nbody .av-special-heading.av-kkmx0tvf-3ede5fbc1162dc8699fcf3ad7ef0c4e9 .av-special-heading-tag .heading-char{\nfont-size:25px;\n}\n.av-special-heading.av-kkmx0tvf-3ede5fbc1162dc8699fcf3ad7ef0c4e9 .av-subheading{\nfont-size:15px;\n}\n<\/style>\n<div  class='av-special-heading av-kkmx0tvf-3ede5fbc1162dc8699fcf3ad7ef0c4e9 av-special-heading-h2 blockquote modern-quote  avia-builder-el-2  el_before_av_textblock  avia-builder-el-first '><div class='av-subheading av-subheading_above'><p>Tennisabteilung &#8211; Gesellschaft Museum<\/p>\n<\/div><h2 class='av-special-heading-tag'  itemprop=\"headline\"  >Werden Sie Mitglied bei uns<\/h2><div class=\"special-heading-border\"><div class=\"special-heading-inner-border\"><\/div><\/div><\/div><br \/>\n<section  class='av_textblock_section av-kgcbk0fj-b873b11f468062065ab7995e5826fa02'  itemscope=\"itemscope\" itemtype=\"https:\/\/schema.org\/CreativeWork\" ><div class='avia_textblock gm-highlight'  itemprop=\"text\" ><p><strong>Lockere, freundschaftliche Atmosph\u00e4re und entspanntes Tennisspiel in sch\u00f6ner Umgebung. Unsere Mitglieder lieben das. Sie auch? Dann sind Sie bei uns genau richtig!<\/strong><\/p>\n<\/div><\/section><\/p><\/div><div class='av-flex-placeholder'><\/div>\n<style type=\"text\/css\" data-created_by=\"avia_inline_auto\" id=\"style-css-av-8hd9u9-68cc22b2a656e1f2b40cc06378dd6c05\">\n.flex_column.av-8hd9u9-68cc22b2a656e1f2b40cc06378dd6c05{\nborder-radius:0px 0px 0px 0px;\n-webkit-border-radius:0px 0px 0px 0px;\n-moz-border-radius:0px 0px 0px 0px;\n}\n<\/style>\n<div class='flex_column av-8hd9u9-68cc22b2a656e1f2b40cc06378dd6c05 av_one_fourth  avia-builder-el-4  el_after_av_three_fourth  avia-builder-el-last  flex_column_table_cell av-equal-height-column av-align-top av-zero-column-padding '   ><\/div><\/div><!--close column table wrapper. Autoclose: 1 -->\n<\/div><\/div><\/main><!-- close content main element --><\/div><\/div><div id='after_section_1'  class='main_color av_default_container_wrap container_wrap sidebar_right'  ><div class='container av-section-cont-open' ><div class='template-page content  av-content-small alpha units'><div class='post-entry post-entry-type-page post-entry-2161'><div class='entry-content-wrapper clearfix'>\n\n<style type=\"text\/css\" data-created_by=\"avia_inline_auto\" id=\"style-css-av-p5n15-c0c124629993bcc838fc22ea754a043f\">\n.flex_column.av-p5n15-c0c124629993bcc838fc22ea754a043f{\nborder-radius:0px 0px 0px 0px;\n-webkit-border-radius:0px 0px 0px 0px;\n-moz-border-radius:0px 0px 0px 0px;\n}\n<\/style>\n<div class='flex_column av-p5n15-c0c124629993bcc838fc22ea754a043f av_one_full  avia-builder-el-5  el_after_av_section  el_before_av_one_full  avia-builder-el-first  first flex_column_div av-zero-column-padding '   ><p>\n<style type=\"text\/css\" data-created_by=\"avia_inline_auto\" id=\"style-css-av-1w8r0x-475510181fd08424835ef4e4b1db174f\">\n#top .av-special-heading.av-1w8r0x-475510181fd08424835ef4e4b1db174f{\npadding-bottom:10px;\n}\nbody .av-special-heading.av-1w8r0x-475510181fd08424835ef4e4b1db174f .av-special-heading-tag .heading-char{\nfont-size:25px;\n}\n.av-special-heading.av-1w8r0x-475510181fd08424835ef4e4b1db174f .av-subheading{\nfont-size:15px;\n}\n<\/style>\n<div  class='av-special-heading av-1w8r0x-475510181fd08424835ef4e4b1db174f av-special-heading-h2 blockquote modern-quote  avia-builder-el-6  el_before_av_textblock  avia-builder-el-first '><div class='av-subheading av-subheading_above'><p>Gesellschaft Museum<\/p>\n<\/div><h2 class='av-special-heading-tag'  itemprop=\"headline\"  >Basis-Mitgliedschaft<\/h2><div class=\"special-heading-border\"><div class=\"special-heading-inner-border\"><\/div><\/div><\/div><br \/>\n<section  class='av_textblock_section av-lxwd5-af7b5b52176578228ae909fd448a4635'  itemscope=\"itemscope\" itemtype=\"https:\/\/schema.org\/CreativeWork\" ><div class='avia_textblock'  itemprop=\"text\" ><p>Mit dem Eintritt in die Tennisabteilung ist die Basis-Mitgliedschaft in der Gesellschaft Museum verbunden. Damit profitieren Sie zus\u00e4tzlich von den Leistungen, die um den <a href=\"https:\/\/gesellschaft-museum.de\/kultur\/mitglied-werden\">Kulturbereich<\/a> angeboten werden.<\/p>\n<p>In der Jahresgeb\u00fchr von 60,00\u20ac pro Person sind F\u00fchrungen, kulturelle Veranstaltungen und Ausfl\u00fcge kostenfrei oder gegen einen geringen Beitrag enthalten.<\/p>\n<\/div><\/section><\/p><\/div>\n<div class='flex_column av-1xs1rl-41ccbfbbf59127a59346e23159347995 av_one_full  avia-builder-el-8  el_after_av_one_full  el_before_av_one_full  first flex_column_div column-top-margin'   ><p>\n<style type=\"text\/css\" data-created_by=\"avia_inline_auto\" id=\"style-css-av-32c3ht-b0c8780dd413989cffd5972faf4dc480\">\n#top .av-special-heading.av-32c3ht-b0c8780dd413989cffd5972faf4dc480{\npadding-bottom:10px;\n}\nbody .av-special-heading.av-32c3ht-b0c8780dd413989cffd5972faf4dc480 .av-special-heading-tag .heading-char{\nfont-size:25px;\n}\n.av-special-heading.av-32c3ht-b0c8780dd413989cffd5972faf4dc480 .av-subheading{\nfont-size:15px;\n}\n<\/style>\n<div  class='av-special-heading av-32c3ht-b0c8780dd413989cffd5972faf4dc480 av-special-heading-h2 blockquote modern-quote  avia-builder-el-9  el_before_av_tab_container  avia-builder-el-first '><div class='av-subheading av-subheading_above'><p>Erweiterte Mitgliedschaft<\/p>\n<\/div><h2 class='av-special-heading-tag'  itemprop=\"headline\"  >Tennis-Mitgliedschaft<\/h2><div class=\"special-heading-border\"><div class=\"special-heading-inner-border\"><\/div><\/div><\/div><br \/>\n<div  class='tabcontainer av-l5jpgrav-59f1382681d9c4a7911b60c47b165433 top_tab  avia-builder-el-10  el_after_av_heading  avia-builder-el-last ' role='tablist'>\n<section class='av_tab_section av_tab_section av-l5jper3z-0e7ebb93af20bce8a0c67d1ad3f0630f'  itemscope=\"itemscope\" itemtype=\"https:\/\/schema.org\/CreativeWork\" ><div class='tab active_tab' role='tab' tabindex='0' data-fake-id='#tab-id-1' aria-controls='tab-id-1-content'  itemprop=\"headline\" ><span class='tab_icon' aria-hidden='true' data-av_icon='\ue80a' data-av_iconfont='entypo-fontello'><\/span>Einzelperson<\/div><div id='tab-id-1-content' class='tab_content active_tab_content' aria-hidden=\"false\"><div class='tab_inner_content invers-color'  itemprop=\"text\" ><p>Mitgliedsbeitrag f\u00fcr eine erwachsene Person<\/p>\n<p><strong>Der Mitgliedsbeitrag betr\u00e4gt 215,00 \u20ac \/ Jahr<br \/>\n<\/strong>Basisbeitrag f\u00fcr die Gesellschaft Museum 60,00 \u20ac und Tennisbeitrag 155,00 \u20ac (inkl. Arbeitseins\u00e4tze 40,00 \u20ac).<\/p>\n<p><strong>Schl\u00fcsselpfand 25,00 \u20ac \/ einmalig<br \/>\n<\/strong>Das Schl\u00fcsselpfand wird bei R\u00fcckgabe erstattet.<\/p>\n<p><strong>Mitglieder-Bonus<br \/>\n<\/strong>F\u00fcr jeden geleisteten Arbeitseinsatz (2 x pro Jahr) werden 20,00 \u20ac erstattet.<\/p>\n<p><a class=\"gm-icon gm-download\" href=\"https:\/\/gesellschaft-museum.de\/tennis\/wp-content\/uploads\/sites\/3\/Tennis-Antrag-Einzel.pdf\" target=\"_blank\" rel=\"noopener\">Hier geht es zum Mitgliedsantrag<\/a> (PDF \/ 531 KB)<\/p>\n<\/div><\/div><\/section>\n<section class='av_tab_section av_tab_section av-l5jpfacb-3f4914dcbf5d327032f2a3efe035b412'  itemscope=\"itemscope\" itemtype=\"https:\/\/schema.org\/CreativeWork\" ><div class='tab' role='tab' tabindex='0' data-fake-id='#tab-id-2' aria-controls='tab-id-2-content'  itemprop=\"headline\" ><span class='tab_icon' aria-hidden='true' data-av_icon='\ue80b' data-av_iconfont='entypo-fontello'><\/span>Paar<\/div><div id='tab-id-2-content' class='tab_content' aria-hidden=\"true\"><div class='tab_inner_content invers-color'  itemprop=\"text\" ><p>Mitgliedsbeitrag f\u00fcr ein Paar\/Lebensgemeinschaft (Zwei erwachsene Personen im gleichen Haushalt)<\/p>\n<p><strong>Der Mitgliedsbeitrag betr\u00e4gt 380,00 \u20ac \/ Jahr<\/strong><br \/>\nBasisbeitrag f\u00fcr die Gesellschaft Museum 120,00 \u20ac und Tennisbeitrag 260,00 \u20ac (inkl. Arbeitseins\u00e4tze 80,00 \u20ac).<\/p>\n<p><strong>Schl\u00fcsselpfand 50,00 \u20ac \/ einmalig<br \/>\n<\/strong>Ein Schl\u00fcssel pro Person. Das Schl\u00fcsselpfand wird bei R\u00fcckgabe erstattet.<\/p>\n<p><strong>Mitglieder-Bonus<br \/>\n<\/strong>F\u00fcr jeden geleisteten Arbeitseinsatz (2 x pro Jahr) werden pro Person 20,00 \u20ac erstattet.<\/p>\n<p><a class=\"gm-icon gm-download\" href=\"https:\/\/gesellschaft-museum.de\/tennis\/wp-content\/uploads\/sites\/3\/Tennis-Antrag-Paar.pdf\" target=\"_blank\" rel=\"noopener\">Hier geht es zum Mitgliedsantrag<\/a> (PDF \/ 518 KB)<\/p>\n<\/div><\/div><\/section>\n<section class='av_tab_section av_tab_section av-l5jpg6w3-2e042cde55a162a935c6b47b8461cb6e'  itemscope=\"itemscope\" itemtype=\"https:\/\/schema.org\/CreativeWork\" ><div class='tab' role='tab' tabindex='0' data-fake-id='#tab-id-3' aria-controls='tab-id-3-content'  itemprop=\"headline\" ><span class='tab_icon' aria-hidden='true' data-av_icon='\ue80c' data-av_iconfont='entypo-fontello'><\/span>Mitgliedschaft erweitern<\/div><div id='tab-id-3-content' class='tab_content' aria-hidden=\"true\"><div class='tab_inner_content invers-color'  itemprop=\"text\" ><p>Mitgliedsbeitr\u00e4ge f\u00fcr die Erweiterung einer bestehenden Mitgliedschaft.<\/p>\n<p><strong>Ehe,- Lebenspartner\/in<\/strong><strong>: 165,00 \u20ac \/ Jahr.<\/strong><br \/>\nBasisbeitrag f\u00fcr die Gesellschaft Museum 60,00 \u20ac und Tennisbeitrag 105,00 \u20ac (inkl. Arbeitseins\u00e4tze 40,00 \u20ac). F\u00fcr jeden geleisteten Arbeitseinsatz (2 x pro Jahr) werden 20,00 \u20ac erstattet.<\/p>\n<p><strong>Tochter \/ Sohn (vollj\u00e4hrig \/ in Ausbildung): 145,00 \u20ac \/ Jahr.<br \/>\n<\/strong>Basisbeitrag f\u00fcr die Gesellschaft Museum 60,00 \u20ac und Tennisbeitrag 85,00 \u20ac (inkl. Arbeitseins\u00e4tze 40,00 \u20ac). F\u00fcr jeden geleisteten Arbeitseinsatz (2 x pro Jahr) werden 20,00 \u20ac erstattet.<\/p>\n<p><strong>Tochter \/ Sohn (minderj\u00e4hrig \/ in Ausbildung): 45,00 \u20ac \/ Jahr.<\/strong><br \/>\nKein Basisbeitrag f\u00fcr Gesellschaft Museum, nur Tennisbeitrag 45,00 \u20ac.<\/p>\n<p><strong>Schl\u00fcsselpfand 25,00 \u20ac \/ einmalig<br \/>\n<\/strong>Das Schl\u00fcsselpfand wird bei R\u00fcckgabe erstattet.<\/p>\n<p><a class=\"gm-icon gm-download\" href=\"https:\/\/gesellschaft-museum.de\/tennis\/wp-content\/uploads\/sites\/3\/Tennis-Antrag-Erweitert.pdf\" target=\"_blank\" rel=\"noopener\">Hier geht es zum Mitgliedsantrag<\/a> (PDF \/ 127 KB)<\/p>\n<\/div><\/div><\/section>\n<\/div><\/p><\/div>\n\n<style type=\"text\/css\" data-created_by=\"avia_inline_auto\" id=\"style-css-av-2ewwk1-ab052199b1e307a437c3ebf5aa5e594f\">\n.flex_column.av-2ewwk1-ab052199b1e307a437c3ebf5aa5e594f{\nborder-radius:0px 0px 0px 0px;\n-webkit-border-radius:0px 0px 0px 0px;\n-moz-border-radius:0px 0px 0px 0px;\n}\n<\/style>\n<div class='flex_column av-2ewwk1-ab052199b1e307a437c3ebf5aa5e594f av_one_full  avia-builder-el-11  el_after_av_one_full  el_before_av_one_full  first flex_column_div av-zero-column-padding column-top-margin'   ><p>\n<style type=\"text\/css\" data-created_by=\"avia_inline_auto\" id=\"style-css-av-4bheap-ff414ecff6e9a0d44f50fc9fbf9844ea\">\n#top .av-special-heading.av-4bheap-ff414ecff6e9a0d44f50fc9fbf9844ea{\npadding-bottom:10px;\n}\nbody .av-special-heading.av-4bheap-ff414ecff6e9a0d44f50fc9fbf9844ea .av-special-heading-tag .heading-char{\nfont-size:25px;\n}\n.av-special-heading.av-4bheap-ff414ecff6e9a0d44f50fc9fbf9844ea .av-subheading{\nfont-size:15px;\n}\n<\/style>\n<div  class='av-special-heading av-4bheap-ff414ecff6e9a0d44f50fc9fbf9844ea av-special-heading-h2 blockquote modern-quote  avia-builder-el-12  el_before_av_textblock  avia-builder-el-first '><h2 class='av-special-heading-tag'  itemprop=\"headline\"  >Sie wollen erst einmal schnuppern?<\/h2><div class=\"special-heading-border\"><div class=\"special-heading-inner-border\"><\/div><\/div><\/div><br \/>\n<section  class='av_textblock_section av-kgcceplj-8560ad4fffee49104c72a11204c05c69'  itemscope=\"itemscope\" itemtype=\"https:\/\/schema.org\/CreativeWork\" ><div class='avia_textblock'  itemprop=\"text\" ><p><strong>Kein Problem! <\/strong>Rufen Sie mich an und ich beantworte gerne noch Ihre offenen Fragen. Oder vielleicht ein Probespiel, damit Sie uns n\u00e4her kennenlernen?<\/p>\n<p>Ich freue mich auf Ihren Anruf<\/p>\n<\/div><\/section><br \/>\n<div  class='avia-testimonial-wrapper av-keicvk5g-50fb4ace575efc7286e6e6f5852af369 avia-grid-testimonials avia-grid-2-testimonials avia_animate_when_almost_visible kontakte av-minimal-grid-style'  data-autoplay='1'  data-interval='5'  data-animation='fade'  data-hoverpause='1' >\n<section class=\"avia-testimonial-row\"><div class='avia-testimonial av-2jqau9-d1934f3e37d4b9843ccde8845049ad35 avia-testimonial-row-1 avia-first-testimonial flex_column no_margin av_one_half'><div class='avia-testimonial_inner'  itemscope=\"itemscope\" itemtype=\"https:\/\/schema.org\/CreativeWork\" ><div class='avia-testimonial-content '><div class='avia-testimonial-markup-entry-content'  itemprop=\"text\" ><p><span class=\"gm-icon gm-mobil\"><a href=\"tel:+4917621865559\">0176 &#8211; 21 86 55 59<\/a><\/span><br \/>\n<span class=\"gm-icon gm-email\"><a href=\"mailto:vorstand2@gesellschaft-museum.de\">vorstand2@gesellschaft-museum.de<\/a><\/span><\/p>\n<\/div><\/div><div class=\"avia-testimonial-meta\"><div class=\"avia-testimonial-arrow-wrap\"><div class=\"avia-arrow\"><\/div><\/div><div class='avia-testimonial-image'  itemprop=\"image\" ><img width=\"128\" height=\"128\" src=\"https:\/\/gesellschaft-museum.de\/tennis\/wp-content\/uploads\/sites\/3\/christine-schaefer.jpg\" class=\"avia-img-lazy-loading-5011 attachment-square size-square\" alt=\"Christine Sch\u00e4fer\" loading=\"lazy\" srcset=\"https:\/\/gesellschaft-museum.de\/tennis\/wp-content\/uploads\/sites\/3\/christine-schaefer.jpg 128w, https:\/\/gesellschaft-museum.de\/tennis\/wp-content\/uploads\/sites\/3\/christine-schaefer-80x80.jpg 80w, https:\/\/gesellschaft-museum.de\/tennis\/wp-content\/uploads\/sites\/3\/christine-schaefer-36x36.jpg 36w\" sizes=\"(max-width: 128px) 100vw, 128px\" \/><\/div><div class='avia-testimonial-meta-mini'  itemprop=\"author\" itemscope=\"itemscope\" itemtype=\"https:\/\/schema.org\/Person\" ><strong  class='avia-testimonial-name'  itemprop=\"name\" >Frau Christine Sch\u00e4fer<\/strong><span  class='avia-testimonial-subtitle '  itemprop=\"jobTitle\" >2. Vorsitzende<\/span><\/div><\/div><\/div><\/div>\n<\/section><\/div><\/p><\/div>\n<style type=\"text\/css\" data-created_by=\"avia_inline_auto\" id=\"style-css-av-4qh3b5-eac297a215eb1596a0ce7b308b37e81b\">\n.flex_column.av-4qh3b5-eac297a215eb1596a0ce7b308b37e81b{\nborder-radius:0px 0px 0px 0px;\n-webkit-border-radius:0px 0px 0px 0px;\n-moz-border-radius:0px 0px 0px 0px;\n}\n<\/style>\n<div class='flex_column av-4qh3b5-eac297a215eb1596a0ce7b308b37e81b av_one_full  avia-builder-el-15  el_after_av_one_full  avia-builder-el-last  first flex_column_div av-zero-column-padding column-top-margin'   ><p>\n<style type=\"text\/css\" data-created_by=\"avia_inline_auto\" id=\"style-css-av-2e641t-64aaf464716208a295c725803a291105\">\n#top .av-special-heading.av-2e641t-64aaf464716208a295c725803a291105{\npadding-bottom:10px;\n}\nbody .av-special-heading.av-2e641t-64aaf464716208a295c725803a291105 .av-special-heading-tag .heading-char{\nfont-size:25px;\npadding-bottom:10px;\n}\n.av-special-heading.av-2e641t-64aaf464716208a295c725803a291105 .av-subheading{\nfont-size:15px;\n}\n<\/style>\n<div  class='av-special-heading av-2e641t-64aaf464716208a295c725803a291105 av-special-heading-h2 blockquote elegant-quote elegant-centered  avia-builder-el-16  el_before_av_textblock  avia-builder-el-first  av-icon'><h2 class='av-special-heading-tag'  itemprop=\"headline\"  ><span class='heading-char avia-font-entypo-fontello' aria-hidden='true' data-av_icon='\ue82d' data-av_iconfont='entypo-fontello'><\/span><span class=\"heading-wrap\">Downloads<\/span><\/h2><div class=\"special-heading-border\"><div class=\"special-heading-inner-border\"><\/div><\/div><\/div><br \/>\n<section  class='av_textblock_section av-khg426xg-06e74ba3612772249ac3b2d063882fff'  itemscope=\"itemscope\" itemtype=\"https:\/\/schema.org\/CreativeWork\" ><div class='avia_textblock'  itemprop=\"text\" ><p><a class=\"gm-icon gm-download\" href=\"https:\/\/gesellschaft-museum.de\/tennis\/wp-content\/uploads\/sites\/3\/Tennis-Antrag-Einzel.pdf\" target=\"_blank\" rel=\"noopener\">Mitgliedsantrag Einzelperson<\/a> (PDF \/ 531 KB)<br \/>\n<a class=\"gm-icon gm-download\" href=\"https:\/\/gesellschaft-museum.de\/tennis\/wp-content\/uploads\/sites\/3\/Tennis-Antrag-Paar.pdf\" target=\"_blank\" rel=\"noopener\">Mitgliedsantrag Paare\/Lebensgemeinschaften<\/a> (PDF \/ 518 KB)<br \/>\n<a class=\"gm-icon gm-download\" href=\"https:\/\/gesellschaft-museum.de\/tennis\/wp-content\/uploads\/sites\/3\/Tennis-Antrag-Erweitert.pdf\" target=\"_blank\" rel=\"noopener\">Mitgliedschaft erweitern<\/a> (PDF \/ 127 KB)<br \/>\n<a class=\"gm-icon gm-download\" href=\"https:\/\/gesellschaft-museum.de\/tennis\/wp-content\/uploads\/sites\/3\/Tennis-Sepa-Lastschrift.pdf\" target=\"_blank\" rel=\"noopener\">Sepa-Lastschrift<\/a> (PDF \/ 114 KB)<br \/>\n<a class=\"gm-icon gm-download\" href=\"https:\/\/gesellschaft-museum.de\/tennis\/wp-content\/uploads\/sites\/3\/Tennis-Datenschutzklausel.pdf\" target=\"_blank\" rel=\"noopener\">Datenschutzklausel<\/a> (PDF \/ 398 KB)<br \/>\n<a class=\"gm-icon gm-download\" href=\"https:\/\/gesellschaft-museum.de\/wp-content\/uploads\/medien\/Satzung-Gesellschaft-Museum.pdf\" target=\"_blank\" rel=\"noopener\">Satzung der Gesellschaft Museum<\/a> (PDF \/ 1,7 MB)<\/p>\n<\/div><\/section><\/p><\/div><\/p>\n","protected":false},"excerpt":{"rendered":"","protected":false},"author":12,"featured_media":0,"parent":0,"menu_order":6,"comment_status":"closed","ping_status":"closed","template":"","meta":{"inline_featured_image":false},"_links":{"self":[{"href":"https:\/\/gesellschaft-museum.de\/tennis\/wp-json\/wp\/v2\/pages\/2161"}],"collection":[{"href":"https:\/\/gesellschaft-museum.de\/tennis\/wp-json\/wp\/v2\/pages"}],"about":[{"href":"https:\/\/gesellschaft-museum.de\/tennis\/wp-json\/wp\/v2\/types\/page"}],"author":[{"embeddable":true,"href":"https:\/\/gesellschaft-museum.de\/tennis\/wp-json\/wp\/v2\/users\/12"}],"replies":[{"embeddable":true,"href":"https:\/\/gesellschaft-museum.de\/tennis\/wp-json\/wp\/v2\/comments?post=2161"}],"version-history":[{"count":5,"href":"https:\/\/gesellschaft-museum.de\/tennis\/wp-json\/wp\/v2\/pages\/2161\/revisions"}],"predecessor-version":[{"id":6006,"href":"https:\/\/gesellschaft-museum.de\/tennis\/wp-json\/wp\/v2\/pages\/2161\/revisions\/6006"}],"wp:attachment":[{"href":"https:\/\/gesellschaft-museum.de\/tennis\/wp-json\/wp\/v2\/media?parent=2161"}],"curies":[{"name":"wp","href":"https:\/\/api.w.org\/{rel}","templated":true}]}}